{"id":81,"date":"2022-01-23T19:16:03","date_gmt":"2022-01-23T19:16:03","guid":{"rendered":"https:\/\/www.mekaendustriyel.com\/?page_id=81"},"modified":"2022-04-26T22:00:19","modified_gmt":"2022-04-26T22:00:19","slug":"urunler","status":"publish","type":"page","link":"https:\/\/www.mekaendustriyel.com\/?page_id=81","title":{"rendered":"\u00dcr\u00fcnler"},"content":{"rendered":"\n<p><mark style=\"background-color:rgba(0, 0, 0, 0)\" class=\"has-inline-color has-headings-color\">Refex Sensor Ltd , TriOS Mess- und Datentechnik GmbH sens\u00f6rleri ve Pyxis &#8211; Lab, Inc. sens\u00f6r ve inline sens\u00f6rleri ile yan\u0131n\u0131zday\u0131z.<\/mark><\/p>\n\n\n\n<p><mark style=\"background-color:rgba(0, 0, 0, 0)\" class=\"has-inline-color has-headings-color\">Daha fazla bilgi ve katalog i\u00e7in 0555 245 53 45 numaral\u0131 telefon ve <a href=\"mailto:satis@mekaendustriyel.com\">satis@mekaendustriyel.com<\/a> email adresi \u00fczerinden ileti\u015fime ge\u00e7ebilirsiniz.<\/mark><\/p>\n\n\n\n<p><\/p>\n\n\n\n<p><\/p>\n","protected":false},"excerpt":{"rendered":"<p>Refex Sensor Ltd , TriOS Mess- und Datentechnik GmbH sens\u00f6rleri ve Pyxis &#8211; Lab, Inc. sens\u00f6r ve inline sens\u00f6rleri ile<span class=\"excerpt-fade\"><\/span><\/p>\n","protected":false},"author":1,"featured_media":0,"parent":0,"menu_order":0,"comment_status":"closed","ping_status":"closed","template":"","meta":{"footnotes":""},"class_list":["post-81","page","type-page","status-publish","hentry"],"yoast_head":"<!-- This site is optimized with the Yoast SEO plugin v24.7 - https:\/\/yoast.com\/wordpress\/plugins\/seo\/ -->\n<title>\u00dcr\u00fcnler - Meka Endustriyel<\/title>\n<meta name=\"robots\" content=\"index, follow, max-snippet:-1, max-image-preview:large, max-video-preview:-1\" \/>\n<link rel=\"canonical\" href=\"https:\/\/www.mekaendustriyel.com\/?page_id=81\" \/>\n<meta property=\"og:locale\" content=\"tr_TR\" \/>\n<meta property=\"og:type\" content=\"article\" \/>\n<meta property=\"og:title\" content=\"\u00dcr\u00fcnler - Meka Endustriyel\" \/>\n<meta property=\"og:description\" content=\"Refex Sensor Ltd , TriOS Mess- und Datentechnik GmbH sens\u00f6rleri ve Pyxis &#8211; Lab, Inc. sens\u00f6r ve inline sens\u00f6rleri ile\" \/>\n<meta property=\"og:url\" content=\"https:\/\/www.mekaendustriyel.com\/?page_id=81\" \/>\n<meta property=\"og:site_name\" content=\"Meka Endustriyel\" \/>\n<meta property=\"article:modified_time\" content=\"2022-04-26T22:00:19+00:00\" \/>\n<meta name=\"twitter:card\" content=\"summary_large_image\" \/>\n<meta name=\"twitter:label1\" content=\"Tahmini okuma s\u00fcresi\" \/>\n\t<meta name=\"twitter:data1\" content=\"1 dakika\" \/>\n<script type=\"application\/ld+json\" class=\"yoast-schema-graph\">{\"@context\":\"https:\/\/schema.org\",\"@graph\":[{\"@type\":\"WebPage\",\"@id\":\"https:\/\/www.mekaendustriyel.com\/?page_id=81\",\"url\":\"https:\/\/www.mekaendustriyel.com\/?page_id=81\",\"name\":\"\u00dcr\u00fcnler - Meka Endustriyel\",\"isPartOf\":{\"@id\":\"https:\/\/www.mekaendustriyel.com\/#website\"},\"datePublished\":\"2022-01-23T19:16:03+00:00\",\"dateModified\":\"2022-04-26T22:00:19+00:00\",\"breadcrumb\":{\"@id\":\"https:\/\/www.mekaendustriyel.com\/?page_id=81#breadcrumb\"},\"inLanguage\":\"tr\",\"potentialAction\":[{\"@type\":\"ReadAction\",\"target\":[\"https:\/\/www.mekaendustriyel.com\/?page_id=81\"]}]},{\"@type\":\"BreadcrumbList\",\"@id\":\"https:\/\/www.mekaendustriyel.com\/?page_id=81#breadcrumb\",\"itemListElement\":[{\"@type\":\"ListItem\",\"position\":1,\"name\":\"Anasayfa\",\"item\":\"https:\/\/www.mekaendustriyel.com\/\"},{\"@type\":\"ListItem\",\"position\":2,\"name\":\"\u00dcr\u00fcnler\"}]},{\"@type\":\"WebSite\",\"@id\":\"https:\/\/www.mekaendustriyel.com\/#website\",\"url\":\"https:\/\/www.mekaendustriyel.com\/\",\"name\":\"Meka Endustriyel\",\"description\":\"Meka Endustriyel\",\"potentialAction\":[{\"@type\":\"SearchAction\",\"target\":{\"@type\":\"EntryPoint\",\"urlTemplate\":\"https:\/\/www.mekaendustriyel.com\/?s={search_term_string}\"},\"query-input\":{\"@type\":\"PropertyValueSpecification\",\"valueRequired\":true,\"valueName\":\"search_term_string\"}}],\"inLanguage\":\"tr\"}]}<\/script>\n<!-- \/ Yoast SEO plugin. -->","yoast_head_json":{"title":"\u00dcr\u00fcnler - Meka Endustriyel","robots":{"index":"index","follow":"follow","max-snippet":"max-snippet:-1","max-image-preview":"max-image-preview:large","max-video-preview":"max-video-preview:-1"},"canonical":"https:\/\/www.mekaendustriyel.com\/?page_id=81","og_locale":"tr_TR","og_type":"article","og_title":"\u00dcr\u00fcnler - Meka Endustriyel","og_description":"Refex Sensor Ltd , TriOS Mess- und Datentechnik GmbH sens\u00f6rleri ve Pyxis &#8211; Lab, Inc. sens\u00f6r ve inline sens\u00f6rleri ile","og_url":"https:\/\/www.mekaendustriyel.com\/?page_id=81","og_site_name":"Meka Endustriyel","article_modified_time":"2022-04-26T22:00:19+00:00","twitter_card":"summary_large_image","twitter_misc":{"Tahmini okuma s\u00fcresi":"1 dakika"},"schema":{"@context":"https:\/\/schema.org","@graph":[{"@type":"WebPage","@id":"https:\/\/www.mekaendustriyel.com\/?page_id=81","url":"https:\/\/www.mekaendustriyel.com\/?page_id=81","name":"\u00dcr\u00fcnler - Meka Endustriyel","isPartOf":{"@id":"https:\/\/www.mekaendustriyel.com\/#website"},"datePublished":"2022-01-23T19:16:03+00:00","dateModified":"2022-04-26T22:00:19+00:00","breadcrumb":{"@id":"https:\/\/www.mekaendustriyel.com\/?page_id=81#breadcrumb"},"inLanguage":"tr","potentialAction":[{"@type":"ReadAction","target":["https:\/\/www.mekaendustriyel.com\/?page_id=81"]}]},{"@type":"BreadcrumbList","@id":"https:\/\/www.mekaendustriyel.com\/?page_id=81#breadcrumb","itemListElement":[{"@type":"ListItem","position":1,"name":"Anasayfa","item":"https:\/\/www.mekaendustriyel.com\/"},{"@type":"ListItem","position":2,"name":"\u00dcr\u00fcnler"}]},{"@type":"WebSite","@id":"https:\/\/www.mekaendustriyel.com\/#website","url":"https:\/\/www.mekaendustriyel.com\/","name":"Meka Endustriyel","description":"Meka Endustriyel","potentialAction":[{"@type":"SearchAction","target":{"@type":"EntryPoint","urlTemplate":"https:\/\/www.mekaendustriyel.com\/?s={search_term_string}"},"query-input":{"@type":"PropertyValueSpecification","valueRequired":true,"valueName":"search_term_string"}}],"inLanguage":"tr"}]}},"_links":{"self":[{"href":"https:\/\/www.mekaendustriyel.com\/index.php?rest_route=\/wp\/v2\/pages\/81","targetHints":{"allow":["GET"]}}],"collection":[{"href":"https:\/\/www.mekaendustriyel.com\/index.php?rest_route=\/wp\/v2\/pages"}],"about":[{"href":"https:\/\/www.mekaendustriyel.com\/index.php?rest_route=\/wp\/v2\/types\/page"}],"author":[{"embeddable":true,"href":"https:\/\/www.mekaendustriyel.com\/index.php?rest_route=\/wp\/v2\/users\/1"}],"replies":[{"embeddable":true,"href":"https:\/\/www.mekaendustriyel.com\/index.php?rest_route=%2Fwp%2Fv2%2Fcomments&post=81"}],"version-history":[{"count":10,"href":"https:\/\/www.mekaendustriyel.com\/index.php?rest_route=\/wp\/v2\/pages\/81\/revisions"}],"predecessor-version":[{"id":328,"href":"https:\/\/www.mekaendustriyel.com\/index.php?rest_route=\/wp\/v2\/pages\/81\/revisions\/328"}],"wp:attachment":[{"href":"https:\/\/www.mekaendustriyel.com\/index.php?rest_route=%2Fwp%2Fv2%2Fmedia&parent=81"}],"curies":[{"name":"wp","href":"https:\/\/api.w.org\/{rel}","templated":true}]}}